{"id":332,"date":"2025-09-28T18:19:49","date_gmt":"2025-09-28T16:19:49","guid":{"rendered":"https:\/\/www.latelieraucarre.com\/?post_type=product&#038;p=332"},"modified":"2025-11-21T21:05:04","modified_gmt":"2025-11-21T19:05:04","slug":"compte-a-rebours-noel","status":"publish","type":"product","link":"https:\/\/www.latelieraucarre.com\/index.php\/produit\/compte-a-rebours-noel\/","title":{"rendered":"Compte \u00e0 rebours No\u00ebl"},"content":{"rendered":"<p>Plongez dans la magie des f\u00eates avec ce <strong data-start=\"465\" data-end=\"508\">compte \u00e0 rebours de No\u00ebl en bois teint\u00e9<\/strong> \ud83c\udf84.<br data-start=\"512\" data-end=\"515\" \/>Gr\u00e2ce \u00e0 sa <strong data-start=\"526\" data-end=\"552\">roue manuelle rotative<\/strong>, les petits comme les grands pourront faire tourner le cadran chaque jour pour patienter jusqu\u2019au 25 d\u00e9cembre.<\/p>\n<div style=\"width: 720px;\" class=\"wp-video\"><video class=\"wp-video-shortcode\" id=\"video-332-1\" width=\"720\" height=\"720\" preload=\"metadata\" controls=\"controls\"><source type=\"video\/mp4\" src=\"http:\/\/www.latelieraucarre.com\/wp-content\/uploads\/2025\/09\/Video.mp4?_=1\" \/><a href=\"http:\/\/www.latelieraucarre.com\/wp-content\/uploads\/2025\/09\/Video.mp4\">http:\/\/www.latelieraucarre.com\/wp-content\/uploads\/2025\/09\/Video.mp4<\/a><\/video><\/div>\n<p>*Mat\u00e9riau : bois naturel teint\u00e9<br \/>\n*Dimension : env. 15 cm de diam\u00e8tre<br \/>\n*\u00c9paisseur : superposition de couches de 3 mm<br \/>\n*Fabrication artisanale, chaque pi\u00e8ce est unique<br \/>\n*Finition soign\u00e9e, pr\u00eate \u00e0 \u00eatre suspendue<\/p>\n<p>N&#8217;h\u00e9sitez pas \u00e0 nous contactez, nous r\u00e9pondrons \u00e0 toutes vos questions y compris des personnalisations suppl\u00e9mentaires.<br \/>\nVous avez un projet particulier ? N&#8217;h\u00e9sitez pas \u00e0 nous contacter pour en discuter.<\/p>\n<p>Tous nos articles sont r\u00e9alis\u00e9s sur commande et le d\u00e9lais d\u00e9pends du nombre de commandes en cours.<br \/>\nToutes nos cr\u00e9ations sont faites dans notre atelier en France.<br \/>\nL\u2019envoi est s\u00e9curis\u00e9 avec num\u00e9ro de suivi.<\/p>\n<p>**Le bois \u00e9tant un mat\u00e9riau naturel, les objets peuvent ne pas \u00eatre parfait et comporter des diff\u00e9rences de couleurs, des fibres plus visible, des n\u0153uds etc.. Merci d&#8217;en tenir compte.**<\/p>\n<p>Contact : latelieraucarre.shop@gmail.com<br \/>\nPour suivre nos nouveaut\u00e9s, suivez-nous sur Instagram @latelier_au_carre<\/p>\n","protected":false},"excerpt":{"rendered":"<p>Compte \u00e0 rebours de No\u00ebl en bois \u2013 calendrier de l\u2019avent d\u00e9coratif \u2013 d\u00e9co de f\u00eate artisanale<\/p>\n","protected":false},"featured_media":435,"comment_status":"open","ping_status":"closed","template":"","meta":[],"product_brand":[],"product_cat":[40],"product_tag":[21,39,44],"class_list":{"0":"post-332","1":"product","2":"type-product","3":"status-publish","4":"has-post-thumbnail","6":"product_cat-noel","7":"product_tag-bois","8":"product_tag-decoration","9":"product_tag-noel","10":"product_shipping_class-boite-35x25x5","12":"first","13":"instock","14":"featured","15":"shipping-taxable","16":"purchasable","17":"product-type-variable"},"jetpack_sharing_enabled":true,"_links":{"self":[{"href":"https:\/\/www.latelieraucarre.com\/index.php\/wp-json\/wp\/v2\/product\/332","targetHints":{"allow":["GET"]}}],"collection":[{"href":"https:\/\/www.latelieraucarre.com\/index.php\/wp-json\/wp\/v2\/product"}],"about":[{"href":"https:\/\/www.latelieraucarre.com\/index.php\/wp-json\/wp\/v2\/types\/product"}],"replies":[{"embeddable":true,"href":"https:\/\/www.latelieraucarre.com\/index.php\/wp-json\/wp\/v2\/comments?post=332"}],"wp:featuredmedia":[{"embeddable":true,"href":"https:\/\/www.latelieraucarre.com\/index.php\/wp-json\/wp\/v2\/media\/435"}],"wp:attachment":[{"href":"https:\/\/www.latelieraucarre.com\/index.php\/wp-json\/wp\/v2\/media?parent=332"}],"wp:term":[{"taxonomy":"product_brand","embeddable":true,"href":"https:\/\/www.latelieraucarre.com\/index.php\/wp-json\/wp\/v2\/product_brand?post=332"},{"taxonomy":"product_cat","embeddable":true,"href":"https:\/\/www.latelieraucarre.com\/index.php\/wp-json\/wp\/v2\/product_cat?post=332"},{"taxonomy":"product_tag","embeddable":true,"href":"https:\/\/www.latelieraucarre.com\/index.php\/wp-json\/wp\/v2\/product_tag?post=332"}],"curies":[{"name":"wp","href":"https:\/\/api.w.org\/{rel}","templated":true}]}}