{"id":324,"date":"2025-09-24T21:37:17","date_gmt":"2025-09-24T19:37:17","guid":{"rendered":"https:\/\/www.latelieraucarre.com\/?post_type=product&#038;p=324"},"modified":"2025-10-09T18:15:06","modified_gmt":"2025-10-09T16:15:06","slug":"hibou-3d-decoratif-en-bois-teinte","status":"publish","type":"product","link":"https:\/\/www.latelieraucarre.com\/index.php\/produit\/hibou-3d-decoratif-en-bois-teinte\/","title":{"rendered":"Hibou 3D d\u00e9coratif en bois teint\u00e9"},"content":{"rendered":"<p>Apportez une touche d\u2019originalit\u00e9 et de chaleur \u00e0 votre int\u00e9rieur avec ce magnifique hibou d\u00e9coratif en bois 3D.<br \/>\nR\u00e9alis\u00e9 \u00e0 partir de 7 couches de bois d\u00e9coup\u00e9 au laser, chaque teinte et chaque d\u00e9tail cr\u00e9ent un effet de profondeur unique et une finition raffin\u00e9e.<br \/>\nUn cadeau parfait pour une pendaison de cr\u00e9maill\u00e8re, un anniversaire, ou pour toute personne passionn\u00e9e par les oiseaux et la d\u00e9coration naturelle ou tout simplement pour les amoureux des chouettes.<\/p>\n<p>*Mat\u00e9riau : bois naturel teint\u00e9<br \/>\n*Dimension : 15 x 20 x 2 cm<br \/>\n*\u00c9paisseur : superposition de 7 couches de 3 mm<br \/>\n*Fabrication artisanale, chaque pi\u00e8ce est unique<br \/>\n*Finition soign\u00e9e, pr\u00eate \u00e0 \u00eatre accroch\u00e9e ou pos\u00e9e (fixation non fournie)<\/p>\n<p>N&#8217;h\u00e9sitez pas \u00e0 nous contactez, nous r\u00e9pondrons \u00e0 toutes vos questions y compris des personnalisations suppl\u00e9mentaires.<br \/>\nVous avez un projet particulier ? N&#8217;h\u00e9sitez pas \u00e0 nous contacter pour en discuter.<\/p>\n<p>Tous nos articles sont r\u00e9alis\u00e9s sur commande et le d\u00e9lais d\u00e9pends du nombre de commandes en cours.<br \/>\nToutes nos cr\u00e9ations sont faites dans notre atelier en France.<br \/>\nL\u2019envoi est s\u00e9curis\u00e9 avec num\u00e9ro de suivi.<\/p>\n<p>**Le bois \u00e9tant un mat\u00e9riau naturel, les objets peuvent ne pas \u00eatre parfait et comporter des diff\u00e9rences de couleurs, des fibres plus visible, des n\u0153uds etc.. Merci d&#8217;en tenir compte.**<\/p>\n<p>Contact : latelieraucarre.shop@gmail.com<br \/>\nPour suivre nos nouveaut\u00e9s, suivez-nous sur Instagram @latelier_au_carre<\/p>\n","protected":false},"excerpt":{"rendered":"<p>Hibou 3D d\u00e9coratif en bois teint\u00e9 \u2013 Sculpture murale en bois \u2013 Art mural nature<\/p>\n","protected":false},"featured_media":326,"comment_status":"open","ping_status":"closed","template":"","meta":[],"product_brand":[],"product_cat":[25,37],"product_tag":[21,39,38],"class_list":{"0":"post-324","1":"product","2":"type-product","3":"status-publish","4":"has-post-thumbnail","6":"product_cat-cadeaux","7":"product_cat-decoration-murale","8":"product_tag-bois","9":"product_tag-decoration","10":"product_tag-hibou","11":"product_shipping_class-boite-35x25x5","13":"first","14":"instock","15":"shipping-taxable","16":"purchasable","17":"product-type-simple"},"jetpack_sharing_enabled":true,"_links":{"self":[{"href":"https:\/\/www.latelieraucarre.com\/index.php\/wp-json\/wp\/v2\/product\/324","targetHints":{"allow":["GET"]}}],"collection":[{"href":"https:\/\/www.latelieraucarre.com\/index.php\/wp-json\/wp\/v2\/product"}],"about":[{"href":"https:\/\/www.latelieraucarre.com\/index.php\/wp-json\/wp\/v2\/types\/product"}],"replies":[{"embeddable":true,"href":"https:\/\/www.latelieraucarre.com\/index.php\/wp-json\/wp\/v2\/comments?post=324"}],"wp:featuredmedia":[{"embeddable":true,"href":"https:\/\/www.latelieraucarre.com\/index.php\/wp-json\/wp\/v2\/media\/326"}],"wp:attachment":[{"href":"https:\/\/www.latelieraucarre.com\/index.php\/wp-json\/wp\/v2\/media?parent=324"}],"wp:term":[{"taxonomy":"product_brand","embeddable":true,"href":"https:\/\/www.latelieraucarre.com\/index.php\/wp-json\/wp\/v2\/product_brand?post=324"},{"taxonomy":"product_cat","embeddable":true,"href":"https:\/\/www.latelieraucarre.com\/index.php\/wp-json\/wp\/v2\/product_cat?post=324"},{"taxonomy":"product_tag","embeddable":true,"href":"https:\/\/www.latelieraucarre.com\/index.php\/wp-json\/wp\/v2\/product_tag?post=324"}],"curies":[{"name":"wp","href":"https:\/\/api.w.org\/{rel}","templated":true}]}}